- 2*z - 62 = -3*h, -f = -3*h - z. Suppose 5*d - h = 3*d. List the prime factors of d.
13
Let m(z) = z**2 - 8*z + 9. Suppose 6*g - g - 45 = 0. Suppose -2*b = o - 19, 5*o - g = b + 9. List the prime factors of m(b).
2
Suppose -5 + 24 = j. What are the prime factors of j?
19
Let x be 0*(1 + (-4)/2). Suppose x = 5*i + p - 9, -18 = 2*i - 5*p - 0. What are the prime factors of (4/(-10))/(i/(-5))?
2
Let i = -10 + 6. What are the prime factors of 2*1/i*-68?
2, 17
Let a = 15 - 1. What are the prime factors of a?
2, 7
Suppose -5*d = -5, 4*z = 2*d + 56 + 634. What are the prime factors of z?
173
Let q be (0 + 1 + 0)*1. List the prime factors of q*(1 + 4 + 0).
5
Let q = -47 + 83. List the prime factors of q.
2, 3
Let o = 10 + -7. Suppose 4*l = g - 0*l - 32, -11 = -o*g - 5*l. What are the prime factors of g?
2, 3
Let c = -9 + 11. Let i(a) = 0*a**3 + 3*a + a**3 - 2 - a. What are the prime factors of i(c)?
2, 5
Let o(j) = 3*j**2 + 2*j**2 - 4*j**2 + 6*j + 0*j - 4. What are the prime factors of o(-7)?
3
Let h be (-5)/(-3) + (-3)/(-9). Let m be h*-1 - (2 + -2). List the prime factors of (-4)/(-2 - -1) + m.
2
Suppose -2*x = -5*x + 4*w - 6, -5*w - 6 = 3*x. Let s be (1 - 4) + 30 + x. Suppose 4*b = -4, 4*r = -b - 10 + s. What are the prime factors of r?
2
Let s = 11 - 7. Suppose -s*d = -g - 16 + 2, -5*g = d - 14. Suppose -2*f = -d*f + 14. List the prime factors of f.
7
Suppose 3*y - 6 = 2*y - r, y - 9 = 2*r. Let g(k) = k**2 - 7*k + 9. List the prime factors of g(y).
3
Let c(v) = v - 2. Let f be c(2). Suppose f = -3*r + 31 + 44. What are the prime factors of r?
5
Suppose 0*a - 4*a + 60 = 0. Suppose 0 = -5*o - 0*o - j + 31, 5*o - a = -5*j. List the prime factors of o.
7
Let y(h) be the second derivative of -h**4/12 - 7*h**3/6 + h**2/2 - 2*h. Let n = 2 + -7. What are the prime factors of y(n)?
11
Let y(r) = -r**2 - 15*r - 18. Let i be y(-14). Let m(b) be the first derivative of -b**2/2 - b - 1. List the prime factors of m(i).
3
Suppose -5*u + 35 = -3*l - 2*l, 0 = 4*l - 2*u + 32. Let x = l - -25. What are the prime factors of x?
2
Let o(h) = 4*h**2 - 5 - 1 - 4*h + 10 + 0*h. List the prime factors of o(2).
2, 3
Suppose 0 = 3*x + 3*s - 1 + 7, -10 = 5*s. Let u = 12 - x. List the prime factors of u.
2, 3
Suppose -344 = -4*g + 2*k + 154, 2*g - 253 = 5*k. What are the prime factors of g?
2, 31
Suppose -2*w + 6*w = k - 1, 0 = -5*w + 5*k - 5. Suppose w = 2*m - 0*m - 6. List the prime factors of m.
3
List the prime factors of 4 + 45 + -3 - 1.
3, 5
Suppose 42 = -0*l - 7*l. Let m(h) = -4*h + 1 + h - 7. What are the prime factors of m(l)?
2, 3
List the prime factors of ((-1)/2)/(11/(-66)).
3
Let i(y) = y**2 + 4*y + 4. Suppose 0 = 3*g - 7*g - 12. Let w be i(g). Suppose 3*u - 8 = o, 5 = u + 3*o - w. List the prime factors of u.
3
Suppose -i - 1 = -5. Suppose -3*d - i = -4*d. Suppose -11 = -2*g + o, o - 15 = -3*g + d*o. What are the prime factors of g?
2, 3
Suppose -h - 5*a = -a - 19, 4*a - 22 = -2*h. Let y(x) = 5*x + 2. What are the prime factors of y(h)?
17
Let w = -26 + 73. What are the prime factors of w?
47
Suppose 8*f = 5*f + 93. List the prime factors of f.
31
Let h be 1*(-1 + 1 - -46). Suppose 2*t - t = h. What are the prime factors of t?
2, 23
Let w = -4 - -6. Let v be -7*(w/(-7) + 0). List the prime factors of 1 + 1/(v/32).
17
Suppose 63 = 2*o + 7. List the prime factors of o.
2, 7
Let n = -8 + 11. Suppose 1 = n*c - 128. Suppose -3*a - 16 + c = 0. What are the prime factors of a?
3
Suppose -5*c - r + 22 = 0, -c + 16 = -3*r + 2. Suppose 22 + 58 = c*b. What are the prime factors of b?
2
Let t be 0/(-2 - -3) + -1. List the prime factors of (3 + -2 - 14)*t.
13
Suppose 4*j - 7 = 5. Let p = j + -1. Suppose -p*z + 2 = -2*c, -3*z + 2*c + 1 = -6. List the prime factors of z.
5
Let q(c) = -5*c + 4. Let b be q(-5). Suppose -5*y = 5*v - 2 - 18, -4 = -v - 2*y. Suppose b - 9 = v*h. List the prime factors of h.
5
Let k(x) = -2*x + 3. Suppose 5*l + 15 = 0, 0 = -2*h + h - l - 6. List the prime factors of k(h).
3
Let k(p) = p**3 + p**2 - 1. Let m be k(-1). List the prime factors of (m + -1)/(4/(-14)).
7
Let b = 6 + -1. Let v(n) = n**2 - 3*n - 6. Let m be v(b). Suppose 0 = -z - 3*g + g + 2, g = -m*z + 36. List the prime factors of z.
2, 5
Suppose 0 = 2*k - 4*k + 312. What are the prime factors of k?
2, 3, 13
Suppose -d + 2 = -1. Let j be -4 + -18*1/(-2). Suppose -j*i + i = -5*s - 41, -d*i + 26 = s. What are the prime factors of i?
3
Let c(x) = -x + 7. Let o be c(7). Suppose -4 = -4*w + 4, a - w - 14 = o. List the prime factors of a.
2
What are the prime factors of 101 + (-9)/(27/(-12))?
3, 5, 7
Let g(w) = 2*w - 4. Let o(v) = 2*v - 8. Let d be o(7). Let z be g(d). Let u = 10 - z. List the prime factors of u.
2
Let p be 0/((-2)/2) + 4. Suppose 54 = 5*k - p*h, -4*k + 0*h = 4*h - 36. List the prime factors of k.
2, 5
Suppose 4*r + 12 = 0, -r - r = 5*n - 184. What are the prime factors of n?
2, 19
Let l = -31 + 10. What are the prime factors of (-9 + l)*(-4)/5?
2, 3
What are the prime factors of -4*3*-1*(-1)/(-2)?
2, 3
Suppose -2080 = 3*v - 11*v. List the prime factors of v.
2, 5, 13
Let a(z) = -10 + 3*z**2 + z**2 - 5*z**2 - 11*z. Let i be a(-10). What are the prime factors of -1 + (14 - (i - -1))?
2, 3
Let l = -16 + 16. Suppose l*b - 28 = -b + 2*j, -2*j + 62 = 2*b. What are the prime factors of b?
2, 3, 5
Suppose -2*v = 3*v - 4*z + 39, 3*z - 10 = v. What are the prime factors of (-36)/v*(1 + 6)?
2, 3
Suppose 3*i = s + 90, 3*s = 5*s. List the prime factors of i.
2, 3, 5
Suppose -21*i = -23*i + 8. What are the prime factors of i?
2
Let z = 6 + -8. What are the prime factors of z/6 - (-95)/15?
2, 3
Suppose -5*k + 145 = -5*j - 0*k, 3*k - 15 = 0. Let x = -11 - j. What are the prime factors of x?
13
Suppose 4*l = 3*l + 26. Let s = 42 - l. List the prime factors of s.
2
Suppose -2*a - 6 = -10. Let f be (-1)/(-4) - (-71)/4. Suppose f + 12 = a*w. List the prime factors of w.
3, 5
Suppose 5*s - 31 = -2*g, -3*g + 3*s + 2*s + 34 = 0. Let w = g - 8. Suppose -w = -j + 5. What are the prime factors of j?
2, 5
Let m(g) = 24*g + 29. List the prime factors of m(10).
269
Let a(t) = 4*t**2 + 4*t + 2. Let h be a(-1). Let o = 0 + 3. Suppose -h = -o*f + 10. List the prime factors of f.
2
Let m be 2 + (-1*4 - 1). Suppose 0 = 5*o - 2 + 27. List the prime factors of (0 + m - o)*8.
2
Suppose -396 = -3*i + 66. List the prime factors of i/4 - 1/(-2).
3, 13
Let l = 3 - -4. What are the prime factors of l?
7
Suppose -3*r + 3*n = 0, 0 = 4*r - 2*n + 5*n + 7. Let d be ((-1)/(-2))/(r/(-28)). What are the prime factors of -3 + 4 + -2 + d?
13
Suppose 2*r + 43 = 3*c, -5*r - 53 = -3*c - r. Suppose -114 = -5*d + c. Let q = d + -13. What are the prime factors of q?
2, 3
Suppose 5*h + 3*i + 37 = 0, 3*h + 0*h = 5*i - 29. List the prime factors of h/(-6)*(6 - 0).
2
What are the prime factors of (231/2)/((-6)/(-8))?
2, 7, 11
Let p = -9 - -12. List the prime factors of p.
3
Let n(x) = -x**3 - 11*x**2 + 9*x + 27. List the prime factors of n(-12).
3, 7
Let u(a) = -a**3 + 10*a**2 - 12*a + 1. Let q be u(9). Suppose 3*o - 3*n + 18 = 0, -2*o + 0*n = -3*n + 9. Let f = o - q. List the prime factors of f.
17
Let w(o) = -o**3 + 9*o**2 + o - 7. Let v be w(9). Let u(m) = 0*m**2 + 4*m**2 + 0*m**v - 2*m**2. List the prime factors of u(-2).
2
Let y be 5/3 - (-4)/12. List the prime factors of ((-7)/y)/((-9)/72).
2, 7
Suppose 48 = 4*o - 432. What are the prime factors of o?
2, 3, 5
Let o(k) = -k**2 - 9*k - 2. Let t be -2*(-2 - -4) + -3. What are the prime factors of o(t)?
2, 3
Suppose -4*j + 2*y - 3*y + 16 = 0, 3*j = -2*y + 17. List the prime factors of j.
3
Suppose 14 = 4*a + 6. Suppose 18 = v + a*j, 3*v - 3*j = -1 + 10. Suppose -i = -v - 9. List the prime factors of i.
17
Let j(b) = b**3 + 4*b**2 + 2. Suppose 5*q - 2*q + 4*n = -24, -n = 4*q + 19. List the prime factors of j(q).
2
Suppose n = -3*n + 8. Suppose n*h - h = -3. What are the prime factors of ((-2)/(-6) - 2)*h?
5
Suppose 4*z - 8*z + 180 = 0. List the prime factors of z.
3, 5
Let p be (-2)/(-3)*9/6. Let h be p/((-10)/(-4) + -2). What are the prime factors of 66/3*h/4?
11
Let l(b) = -4*b**3 - 2*b**2 + 2*b - 1. Let h be l(1). List the prime factors of (-4 + h)*(-30)/9.
2, 3, 5
Suppose 4*o - r - 20 = 0, -r = 3*o - 5*r - 2. Let b be (-31)/5 + o/30. Let i = b + 23. What are the prime factors of i?